t z = -435 + -697. What are the prime factors of -2*(4/(32/z) + 1)?
281
Let f(b) = b**2 - 10. Let k be 23/(-5) - (-18)/30. Let s be f(k). Suppose 0 = o - 175 - s. What are the prime factors of o?
181
Suppose -4*s - 5*f = -18091, -s + 4296 + 225 = 3*f. What are the prime factors of s?
2, 3, 13, 29
Let l(r) = 1125*r + 1940. List the prime factors of l(7).
5, 13, 151
Let r = -57 - -138. Let w = -33 + r. Suppose 50*i - 154 = w*i. List the prime factors of i.
7, 11
Suppose 19700 = 5*w + 3*b, -44*w = -45*w - 4*b + 3940. What are the prime factors of w?
2, 5, 197
Let x be (-32)/(-12)*(-3)/(-2). Suppose 4*g + 5*t = t + 964, 2*g = -x*t + 478. What are the prime factors of g?
3
Let k be 0/(-2) - (-3 - 467)/10. Let u(q) = q**2 - 40*q + 153. What are the prime factors of u(k)?
2, 241
Let p be (-1*5)/(-17 - -16). Suppose 6*v - 641 = -p. What are the prime factors of v?
2, 53
Suppose -5*b + 31*b = -4*b + 875460. List the prime factors of b.
2, 14591
Suppose -22042 = -5*v - 4*p, 3*v + 1105*p = 1102*p + 13227. List the prime factors of v.
2, 2203
Let i be 6/6*22/2. Suppose -2*p - i*p + 2184 = 0. List the prime factors of p.
2, 3, 7
Let n(s) = 2*s + 39. Let l be n(9). Let r = l + -40. Let x = r - -10. What are the prime factors of x?
3
List the prime factors of (-42276)/(-271)*-5*62/(-8).
3, 5, 13, 31
Let h be (-204)/9*(-5 + 2). Let o = h - 20. Suppose -n - n + 3*b = -o, -4*b = 0. List the prime factors of n.
2, 3
Suppose -5*m = -5*z - 15, 2*m - z = 3*z - 2. Suppose 0 = -5*f + 3*b + 245, -4*b + 68 - 88 = 0. Let p = f + m. What are the prime factors of p?
53
Suppose -a - 154390 = -4*y, -115793 = -3*y - 2*a + 3*a. What are the prime factors of y?
13, 2969
Suppose 247701 + 189502 = 13*g. What are the prime factors of g?
13, 199
Let b(u) = u**3 + 7*u**2 - 2*u - 10. Let y be b(-7). Let i(v) = 10 + v**3 - 3*v**3 + 0*v + 0*v + v**3 + v + 4*v**2. List the prime factors of i(y).
2, 7
What are the prime factors of (399 + -385)/(-1 - (-780)/779)?
2, 7, 19, 41
What are the prime factors of -1*(-5)/(15/275259)?
91753
Let h = 6069 + 18680. List the prime factors of h.
24749
Suppose 4*g = 3*h - 2*h - 16611, 66455 = 4*h - 5*g. List the prime factors of h.
5, 3323
What are the prime factors of (118/(-10) + 13)*1420?
2, 3, 71
Suppose -38334 = -9*o + 150388 + 4616. What are the prime factors of o?
2, 23, 467
Suppose 3*q + 10 = -59*x + 57*x, 5*x + 14 = -2*q. Let c(b) = 0 + 0*b + 7*b**2 - 4*b + 1. What are the prime factors of c(q)?
37
Let a be (-1)/(82/20 - 4). Let n = -6 - a. Suppose z + n*z = 745. List the prime factors of z.
149
Suppose 0 = 3*d + 593 - 8750. What are the prime factors of d?
2719
Let b be (-6)/(-45) + (-2)/15. Let c be (b/1)/(0/6 + -1). Suppose -6*n + 164 = -4*n + 3*y, -y = c. What are the prime factors of n?
2, 41
List the prime factors of (39729/38)/((-2)/(-4)).
3, 17, 41
Suppose 7*g - 8*g + 3*f = -42453, 3*g - f - 127383 = 0. What are the prime factors of g?
2, 3, 7, 337
Suppose 12*r - 335 = -275. Suppose -1515 = -2*h - 4*k + 57, r*h + 2*k = 3906. What are the prime factors of h?
2, 3, 5, 13
Let p(v) = v**3 + 17*v**2 + 19*v - 15. Let a be p(-12). What are the prime factors of 4 + (-12)/24 + a/2?
2, 11
Let w(x) be the first derivative of 5*x**3 + 7*x**2 + 64*x - 173. List the prime factors of w(-4).
2, 31
Let d(f) = f**3 - 6*f**2 + 2*f + 10. Let t be d(7). Suppose c + 29 = 259*j - 257*j, 5*c = 5*j - 65. List the prime factors of (j + t)/(2*(-1)/(-2)).
89
Suppose -4*s - 18 = -c, -2*s = 4*c + 28 - 10. List the prime factors of (-19 - -21) + (-66)/c.
5, 7
Let y be (-6)/21 + ((-27)/(-21) - 1). Suppose -20 = -4*n, y*k = -2*k + 3*n + 281. Suppose 3*g = -4*m + k, -g + 0*m + 48 = m. What are the prime factors of g?
2, 11
Suppose 0 = -68*t + 71*t + 18. What are the prime factors of ((-633)/t)/((-5)/(-50))?
5, 211
Suppose -11984 = -3*n + 4*v, 108*n - v - 19962 = 103*n. List the prime factors of n.
2, 499
Let w(h) = 2103*h - 196. List the prime factors of w(3).
6113
Let p(t) = -3*t**2 - 53*t - 9. Let y be p(-7). Let q(f) = -216*f - 1. Let n be q(-1). Suppose -v = 5*m - y, 2*m - v = -3*m + n. List the prime factors of m.
43
Let h be (0 - 8)*1*1. Let r(o) = -o + 498 - 534 + 3*o - 12*o. What are the prime factors of r(h)?
2, 11
Let c = 976 + 19397. What are the prime factors of c?
3, 6791
Suppose 21*m - 105 = -0*m. Suppose -4*o - m*f + 3640 = o, 3*o - 2189 = -4*f. What are the prime factors of o?
3, 241
Let r = 19 - 20. Let c = 285 - 293. What are the prime factors of (-261)/(-2) + ((-4)/c - r)?
2, 3, 11
Let o = -55 - -39. Let y be (-2)/18*2 - o/72. Suppose -3*u + 7*u - 452 = y. What are the prime factors of u?
113
Let x be 1*(2/(-8) + (-6)/(-24)). Suppose -l - 3*l + 20 = x. Suppose -l*a + 5*u = -630, 3*a + 3*u = -0*a + 378. List the prime factors of a.
2, 3, 7
Suppose v - 45 = -39. Suppose 0 = v*o - 35 + 11. Suppose 36 = 4*y + 2*x, -36 = -o*y + x + x. What are the prime factors of y?
3
Suppose 4*z = 2*j - 346, 3*j = -z - 2*j - 70. Let k = -89 - z. List the prime factors of (-5)/(5/3) + 14 + k.
7
Let g(c) = 43*c**2 - 3*c + 59. Let p(n) = -86*n**2 + 3*n - 116. Let l(z) = -7*g(z) - 4*p(z). What are the prime factors of l(-4)?
19, 37
Let n(g) = -1366*g - 462. List the prime factors of n(-16).
2, 19, 563
Let v(t) be the first derivative of -t**4 - 2*t + 1. Let j be v(-2). List the prime factors of (45/j)/(-2*(-1)/4).
3
Let w(l) = 5*l + 72. Let v be w(-16). Let y(n) be the second derivative of n**5/20 + 5*n**4/6 + n**3 - n**2 - 9*n. What are the prime factors of y(v)?
2, 3, 13
Let w(f) = -3449*f - 2589. What are the prime factors of w(-9)?
2, 3, 2371
Suppose -j = -s - 5368, 0 = 2*j - 5*s - 644 - 10080. What are the prime factors of j?
2, 17, 79
Let z(g) = g**3 + 24*g**2 + 21*g - 44. Let v = 72 - 95. Let b be z(v). Suppose 3*u - 4*a - 1039 = -b*u, 0 = -3*u - 5*a + 653. What are the prime factors of u?
211
Let o = -53 + 54. Let q be 15962/23*(o - 0)/(-2). Let b = -244 - q. List the prime factors of b.
103
Suppose -3*j + 2*z = 206, j + 62 = 4*z - 2*z. What are the prime factors of 3/(j/(-13280))*3?
2, 5, 83
Suppose 1794 - 893 = -24*r - 1931. Suppose -2*s + 5*s - 558 = 0. Let m = r + s. What are the prime factors of m?
2, 17
Let c be (-4)/(-14) - (-12)/7. Let w = -104 - -108. Suppose -c*n + p = -155, 395 = w*n + n - 4*p. What are the prime factors of n?
3, 5
Suppose -5*f + 10759 = 3*f - 2785. What are the prime factors of f?
1693
Let q(g) = -6*g**3 + 4*g**2 + 69*g + 331. List the prime factors of q(-16).
11, 37, 61
Let u(d) = 13*d**2 - 5*d - 42. What are the prime factors of u(-12)?
2, 3, 5, 7
Let o(q) = -9*q + 89*q**2 - 4 - 134*q**2 + 123*q**2 + 34*q**2. What are the prime factors of o(3)?
977
Suppose 891 = -4*m + 7*m. Suppose 0 = -4*g - m + 4321. List the prime factors of g.
2, 503
Let j(p) = p**2 - 5*p + 2. Let d be j(5). Suppose n = 5*i - 22, -4*i - d*n = -n - 14. Let t(b) = 10*b - 8. What are the prime factors of t(i)?
2
Let l = -314 - -300. Let u(p) = -37*p - 79. What are the prime factors of u(l)?
439
Let a(c) = -5*c**3 - 8*c**2 - 25*c - 13. Let l(y) = 21*y**3 + 32*y**2 + 102*y + 51. Let i(w) = 9*a(w) + 2*l(w). What are the prime factors of i(-7)?
769
Let b(h) = -9*h**3 - 12*h**2 - 14*h - 11. Let l be b(-5). Suppose 2*d + 139 - l = 5*f, 15 = -5*f. List the prime factors of d.
5, 73
Suppose 0 = 4*z - 39374 + 16058. List the prime factors of z.
3, 29, 67
Let w(j) = -5*j + 17. Let z be ((-1)/(-2))/((-8)/640). Let h = -45 - z. What are the prime factors of w(h)?
2, 3, 7
Let m(p) = 16 - 9*p + p**3 + 2*p - 3*p + 13*p**2 - 2*p. List the prime factors of m(-10).
2, 109
Let i(d) = 10*d**2 + 40*d + 317. What are the prime factors of i(-22)?
7, 13, 47
Let t = -325 + 328. Suppose 7*x - t*x = l + 6728, 0 = -3*x + 2*l + 5046. What are the prime factors of x?
2, 29
Let k = -74 - -62. Let g be k/(-18) + 13/3. Suppose h + 3*h - 4*o = 408, 4*h - g*o - 410 = 0. What are the prime factors of h?
2, 5
Let p be (2 + -4)/(-1 + 3). List the prime factors of (p - 0)/((-11)/16676).
2, 379
Let g(j) = -8693*j + 225. What are the prime factors of g(-1)?
2, 7, 13
Let j = -63895 + 97175. What are the prime factors of j?
2, 5, 13
Suppose 101*p - 95809 + 47908 = 322567. List the prime factors of p.
2, 7, 131
Let a(w) = 13*w - 29. Let r be a(-10). Let n(s) = 7*s**2 - 7*s - 12. Let x be n(7). Let j = x + 